 u(-2).
5
Let d(c) = -c**3 - 4*c**2 + 3*c - 7. Let r = -15 + 11. Let m = -9 - r. Calculate d(m).
3
Let r = 1 + 1. Suppose 0 = 3*t + r*t. Let j(x) = x**2 - x - 8. Determine j(t).
-8
Let p = 0 - -2. Suppose -3*m + l + 6 + p = 0, -4*l = 3*m - 28. Let x(u) = -u**3 + 5*u**2 - 4*u + 2. What is x(m)?
2
Let d(v) be the second derivative of 5/2*v**2 - 1/3*v**3 + 5/12*v**4 - 3*v - 1/20*v**5 + 0. What is d(5)?
-5
Suppose 8*y + 4 = -4. Let m(c) = -2*c**2. What is m(y)?
-2
Suppose -3 = 2*g + q + 6, 0 = -2*g + 2*q - 12. Let l = 15 + -5. Let j = l + g. Let i(f) = f**2 - 3*f - 4. Calculate i(j).
6
Let j(x) be the third derivative of x**5/60 - x**4/6 - x**3/6 + 5*x**2 - 2. What is j(5)?
4
Suppose l - 9 + 4 = 0. Suppose 5*s = -4*x - 3, -s + 0*s + l*x = 18. Let b(g) = -g**2 - 6*g - 3. Calculate b(s).
6
Let k(q) = -12*q**2 - 2*q + 4. Let g(n) = -11*n**2 - n + 3. Suppose -2*d = 2*d + 3*x - 1, -2*d = -3*x + 13. Let h(r) = d*k(r) + 3*g(r). Calculate h(-1).
-9
Let w(t) = -2*t**2. Let g(h) = -h**2. Let n(r) = 8*g(r) - 5*w(r). Let l(c) = 2 + 3 - 3 + 0*c + c. Let k be l(0). What is n(k)?
8
Let z(f) = 24*f - 3 - 17*f + 12 + f**2. Calculate z(-6).
3
Let a(m) be the second derivative of 2*m**3/3 - 7*m**2/2 - 16*m. Determine a(5).
13
Let o be (-2)/6*(-2 + 2). Let n be (6/(-2))/(-3 - o). Let l(v) = -10*v**2 - v + 1. Determine l(n).
-10
Let x(b) be the second derivative of b**3/6 - b**2/2 + 8*b. Determine x(-4).
-5
Let g(n) = 3*n**2 + 3*n + 3. Let s(a) be the first derivative of -a**2 - 12*a - 5. Let z be s(-5). Calculate g(z).
9
Let x(h) = 2*h**2 + 3*h - 25. Let f(a) = a**2 + 2*a - 12. Let g(l) = 9*f(l) - 4*x(l). Give g(-7).
-1
Let u(j) = 9*j + 14. Let s(i) = 4*i + 7. Let a(k) = -7*s(k) + 3*u(k). Let l(v) = v + 4. Let b(f) = -3*a(f) - 5*l(f). Suppose -9 - 3 = 3*x. Give b(x).
9
Let m(r) = 6 + 5*r - 6*r + 4*r - 4. What is m(5)?
17
Let o(w) = -w**3 - w**2 + 4*w + 3. Let m be o(-2). Let v(a) = -3*a + 0 + 1 - 1. Calculate v(m).
3
Let x(i) = -3*i + 3. Let g be 1/(2/(-12)*-3). Let r be x(g). Let d(j) = -j**3 - 2*j**2 + 3*j - 4. Determine d(r).
-4
Let d be (1 + -2)/((-2)/10). Let r(q) = -5*q**3 - 12*q**2 - q - 10. Let i(u) = -9*u**3 - 23*u**2 - u - 19. Let p(x) = 6*i(x) - 11*r(x). Calculate p(d).
-4
Let m(j) = 16*j**2 - j**3 - 2 - 11*j**2 - 13*j + 0*j**3 + 14*j. Determine m(5).
3
Let v be (3/(-6))/(1/10). Let j(d) be the third derivative of d**5/60 + d**4/6 + d**3/3 - 7*d**2. Determine j(v).
7
Let o be 8/20 + (-24)/10. Let q(j) = 17*j**2 + 3*j + 2. Let x(d) = 6*d**2 + d + 1. Let h(c) = -3*q(c) + 8*x(c). Determine h(o).
-8
Suppose 5*d = -3*n - 15, -2*d + 5*d - 20 = 4*n. Let u(l) = -l**2 - 2*l + 4. Give u(n).
-11
Suppose 6*t - 5*j = 3*t - 6, 3*j = 0. Let x(z) = z**3 + z**2. What is x(t)?
-4
Let n(x) be the first derivative of -x**2/2 - 9*x - 6. Suppose -3*j + 2*j - 4 = 0. Let u be (-2)/4*j - 2. Calculate n(u).
-9
Let c(f) be the second derivative of -5*f**3/6 - 2*f**2 + 2*f. Suppose 5*o + 3*h - 115 = -2*h, -h + 80 = 4*o. Suppose 0 = -15*q + o*q + 12. Give c(q).
11
Let x(r) = -2*r - 7. Let l be x(-5). Let b(u) = -2*u + 0*u**2 + 3 + 2*u**2 - u**2 - 5. Calculate b(l).
1
Let z(b) = -b**2 + 6*b + 10. Let t = -62 - -69. What is z(t)?
3
Let i(y) = 5*y - 2. Let d(j) = -9*j + 3. Let l(b) = -b**3 + 2*b**2 + 3*b - 3. Let v be l(3). Let k(w) = v*d(w) - 5*i(w). Determine k(-3).
-5
Let t(k) = 2*k**2 + 3*k - 2. Let r be t(-3). Let l(g) = g**2 - 3*g - 10. Let a be l(r). Let d(o) = 5*o + 17*o**2 + 1 - a*o**2 - 3. Determine d(3).
4
Let w(y) be the third derivative of 0*y + 5*y**2 + 1/3*y**3 + 0 + 1/6*y**4 - 1/60*y**5. Calculate w(5).
-3
Let l = -29 - -31. Let c(t) = -6*t**2 + 20*t - 6. Let k(z) = 4*z**2 - 13*z + 4. Let m(b) = -5*c(b) - 8*k(b). Give m(l).
-2
Let a(p) = p**3 - p**2 - p. Let n(h) = 6*h**2 + 4*h - 1. Let d(v) = -4*a(v) - n(v). Determine d(-1).
3
Suppose r + 4 = 0, 4*z = 8*z - 3*r. Let q = z + 0. Let h(i) = i**2 + i - 1. Give h(q).
5
Let n = -8 - -5. Let l = 0 - n. Let t(g) = -g**2 - g - 1. Let z(c) = -8*c**2 - 10*c - 11. Let f(u) = 18*t(u) - 2*z(u). Calculate f(l).
-8
Suppose 0 = -2*v - 3*v + 10. Suppose v*l = -l - 9. Let b(p) = p**3 - p**2 - p. Let j(a) = 3*a**3 - 4*a - 1. Let c(h) = -2*b(h) + j(h). Calculate c(l).
-4
Suppose 3*t + c = -2, 4 = 4*t + 3*c + 10. Suppose t*d = -4*d - 16. Let b(w) = w + 4 + 3*w - 3*w. Determine b(d).
0
Let r(c) = -c**2 + 7*c - 1. Let v be (-1 + 2)/((-2)/6). Let t = 3 - v. Calculate r(t).
5
Let t(p) = 3*p**3 - 15*p**2 - p + 6. Let l(j) = -j**3 + 7*j**2 + j - 3. Let m(f) = -5*l(f) - 2*t(f). What is m(-3)?
-6
Suppose -3*f + k = 0, 7 = 5*f - 4*k - 0*k. Let l(y) be the third derivative of -y**4/24 - y**3/6 - 4*y**2. What is l(f)?
0
Let k(s) be the first derivative of -s**3/3 + 7*s**2/2 + s - 2. What is k(6)?
7
Let f(d) = d + 4. Let v(t) be the first derivative of -3*t**2/2 - 12*t - 2. Let x(p) = -17*f(p) - 6*v(p). What is x(4)?
8
Let c(k) be the third derivative of -1/20*k**5 - 1/8*k**4 + 0 + k**2 + 0*k + 0*k**3. Give c(-2).
-6
Let d(m) = 7*m + 1. Suppose -3*q + 85 = 2*q. Let s = 16 - q. Determine d(s).
-6
Suppose -3*z + 20 = 5. Suppose 0 = -5*g + 25 - z. Let x(n) = -n**3 + 3*n**2 + 4*n + 5. Determine x(g).
5
Let v(b) = 2*b - 7. Suppose -29 = -3*n - 2*n + 2*a, 2*a + 14 = 2*n. Give v(n).
3
Let y(h) = h**3 - 8*h**2 + h - 8. Let x be ((-8)/(-3) - 0)*3. What is y(x)?
0
Let i(y) = 27*y**2 - 26*y**2 + 4 + 0 - y. Calculate i(0).
4
Let t(i) be the second derivative of -i**5/10 + i**4/6 + i**3/6 + i**2 - 4*i. Let g be t(2). Let l(x) = -x**3 - 3*x**2 + 2*x - 5. Determine l(g).
3
Let p(o) = o**3 + 4*o**2 - 5*o + 5. Let i(d) = d**2 + 3*d - 9. Let u be i(-4). Determine p(u).
5
Let d(t) be the second derivative of t**4/6 + t**3/3 - 3*t**2/2 + 6*t. Calculate d(-3).
9
Let j(q) be the second derivative of -1/6*q**4 + 1/20*q**5 - 5/6*q**3 + 2*q**2 - 3*q + 0. Give j(3).
-2
Suppose -s + 50 = 4*s. Let k = 5 - s. Let m(r) = -r + 6. Determine m(k).
11
Let v(s) = -s**3 + s**2 + 2*s + 2. Let w be (-6)/18 + 15/(-9). Calculate v(w).
10
Let t(w) = 2*w**3 + w**2 + 3*w - 3. Let q(g) = g**3 + 2*g**2 + 2*g - 3. Let a(y) = -3*q(y) + 2*t(y). Calculate a(3).
-6
Let l(a) = 2 + 22*a**2 - 42*a**2 + 21*a**2 + 5*a. Let z = 4 - 9. Calculate l(z).
2
Suppose 0 = 4*z - 2*z + 4, -18 = -2*a + 3*z. Let h(u) = -u**2 + 7*u. Give h(a).
6
Let d(q) be the second derivative of -2/3*q**3 - q - 1/2*q**2 + 0. Calculate d(2).
-9
Let u(d) = -10 + 3*d**2 - 1 + d + 6 - 2*d**2. Calculate u(0).
-5
Let y(s) be the second derivative of s**5/10 - s**3/6 - 32*s. Determine y(1).
1
Let a(x) = 2*x. Let v(t) = -t. Let k(d) = -2*a(d) - 2*v(d). Suppose -4 = 2*u + 2*u. Let w = u + -3. Determine k(w).
8
Suppose -5*w = -7*q + 3*q + 61, 4*w = -3*q + 7. Let b(a) = a + 10*a**2 + 8 - q*a**2 - a. What is b(0)?
8
Let n(p) = p - 1. Suppose 5*u - 30 = -v, -2*u - 2*v = -5*v + 5. Let z be n(u). Let o(t) = 6*t + t**2 - z*t + 0*t + 0*t. Give o(-3).
3
Let a(q) be the third derivative of -q**4/6 - q**3/6 - 24*q**2. Give a(2).
-9
Let d(y) = -y + 4. Let r be d(2). Let o(p) = -1 + r - p + 2*p + 0*p. Let f = 2 - 5. What is o(f)?
-2
Let r be (-3)/3 - (-4 + 2). Let a(n) be the third derivative of -3*n**5/20 - n**4/24 + n**3/6 + 2*n**2. Calculate a(r).
-9
Let c be (-2)/((-208)/10) - 20/(-130). Let i(f) be the first derivative of -c*f**4 - 1/2*f**2 + 0*f - 5/3*f**3 + 3. What is i(-5)?
5
Let k(s) = -s**2 + 10*s + 1. Let i(o) = o**3 + 17*o**2 - 19*o - 9. Let x be i(-18). Give k(x).
10
Suppose -2*z + 3 = -1. Suppose -z*a = -3 - 1. Let s(h) = 2*h - a*h - h. What is s(3)?
-3
Let m(y) be the second derivative of 5/6*y**3 + 1/12*y**4 - y + 0 + 3/2*y**2. Give m(-5).
3
Let q be 1 + (-1 + 1 - -1). Suppose -4*p = 4*z - 1 - 3, q*p + z = 4. Let t(m) = -m - 1. Determine t(p).
-4
Suppose 5*n + 0*d = 4*d + 25, 5*n + 2*d + 5 = 0. Let z(x) = -x + x**3 - x + n - 2*x**3 - 4*x**2. Suppose i = v - 2*i - 10, -22 = v + 5*i. Give z(v).
-3
Let v(h) be the second derivative of h**3/6 + 4*h**2 - 11*h. Determine v(-8).
0
Let s be (-78)/(-18) - (-2)/3. Let p(l) = l**3 - 5*l**2 - 3*l + 6. Calculate p(s).
-9
Let f(s) = s**2 - 1. Let x(w) = -w**3 - 5*w**2 - 5*w - 3. Let n be x(-4). Let b(g) = 6*g + 2. Let o(h) = n*b(h) + f(h). Give o(-6).
1
Let q be -1*(-8 - (-1)/1). Let o = q - 3. Suppose -o*l = 13 + 7. Let z(r) = -r - 3. Give z(l).
2
Let i(m) = 6*m - 1. Let h be i(1). Suppose 3*x + 4*k